{"id":269,"date":"2014-10-08T15:09:36","date_gmt":"2014-10-08T13:09:36","guid":{"rendered":"http:\/\/peter.vollmer.ch\/?page_id=269"},"modified":"2022-01-19T23:13:05","modified_gmt":"2022-01-19T21:13:05","slug":"links","status":"publish","type":"page","link":"https:\/\/peter.vollmer.ch\/?page_id=269","title":{"rendered":"Links"},"content":{"rendered":"<p><span style=\"color: #000000;\"><strong>Aktuell:<\/strong><\/span><\/p>\n<p><strong>Volksabstimmung vom 13. Februar 2022<br \/>\nJa zum Bundesgesetz \u00fcber ein Massnahmenpaket zugunsten<\/strong><strong> der Medien<br \/>\n<\/strong><br \/>\nMit dem neuen Gesetz mit verschiedenen Massnahmen zugunsten der Medienvielfalt im Print- wie auch im online-Bereich wird ein wichtiger Beitrag zur St\u00e4rkung der Demokratie geleistet. Die politische Meinungsbildung bei den B\u00fcrgerinnen und B\u00fcrgens setzt eine Medienvielfalt und die Unabh\u00e4ngigkeit der Medienschaffenden voraus. Gerade auch im Zeitalter der &#8222;Fakenews&#8220; braucht es eine St\u00e4rkung der Informationsfreiheit. Im Wissen, dass die vorgesehenen Massnahmen den negativen Trend der Medienkonzentration und der Abwanderung der Werbegelder in den internationalen Markt nicht einfach umkehren k\u00f6nnen, sind es immerhin wichtige Massnahmen in der Auseinandersetzungen zugunsten einer St\u00e4rkung der unabh\u00e4ngigen und kritischen Medienlandschaft.<\/p>\n<p>Diese Abstimmung stellt einmal mehr die staatspolitische Verantwortung der B\u00fcrgerinnen und B\u00fcrger auf die Probe! Ich bin zuversichtlich, dass das Ja-Lager gewinnt.<\/p>\n<p>Weitere Argumente k\u00f6nnen hier abgerufen werden:<\/p>\n<p><a href=\"http:\/\/www.die-meinungsfreiheit.ch\">www.die-Meinungsfreiheit.ch<\/a><\/p>\n<p><span style=\"color: #000000;\"><strong><\/p>\n<p>Orte:<\/strong><\/span><br \/>\n<span style=\"color: #000000;\"> Bern: <span style=\"color: #0000ff;\"><a style=\"color: #0000ff;\" href=\"http:\/\/www.bern.ch\">www.bern.ch<\/a><\/span><\/span><\/p>\n<p><span style=\"color: #000000;\">Berlin: <span style=\"color: #0000ff;\"><a style=\"color: #0000ff;\" href=\"http:\/\/www.berlin.de\">www.berlin.de<\/a><\/span><\/span><\/p>\n<p><span style=\"color: #000000;\">M\u00fcrren: <span style=\"color: #0000ff;\"><a style=\"color: #0000ff;\" href=\"http:\/\/www.muerren.ch\">www.muerren.ch<\/a><\/span><\/span><\/p>\n<p><span style=\"color: #000000;\"><strong>Kultur:\u00a0<\/strong><\/span><br \/>\n<span style=\"color: #000000;\"> Hotel Regina in M\u00fcrren (Berner Oberland): <span style=\"color: #0000ff;\"><a style=\"color: #0000ff;\" href=\"http:\/\/www.regina-muerren.ch\">www.regina-muerren.ch<\/a><\/span><\/span><\/p>\n<p><span style=\"color: #000000;\">Minimuseum M\u00fcrren: <span style=\"color: #0000ff;\"><a style=\"color: #0000ff;\" href=\"http:\/\/www.minimuseummuerren.ch\">www.minimuseummuerren.ch<\/a><\/span> <\/span><\/p>\n<p><span style=\"color: #000000;\">PROG, Kulturzentrum Bern: <span style=\"color: #0000ff;\"><a style=\"color: #0000ff;\" href=\"http:\/\/progr.ch\">www.progr.ch <\/a><\/span><\/span><\/p>\n<p><span style=\"color: #000000;\"><strong>Sport:<\/strong><br \/>\n&#8211;\u00a0\u00a0Berlin Marathon: <span style=\"color: #0000ff;\"><a style=\"color: #0000ff;\" href=\"http:\/\/www.berlin-marathon.com\">www.berlin-marathon.com<\/a><\/span><\/span><\/p>\n<p>&#8211;<span style=\"color: #000000;\"> Grand Prix von Bern: <span style=\"color: #0000ff;\"><a style=\"color: #0000ff;\" href=\"http:\/\/www.gpbern.ch\">www.gpbern.ch<\/a><\/span><\/span><\/p>\n<p><span style=\"color: #000000;\">&#8211; OLG Bern: <span style=\"color: #0000ff;\"><a style=\"color: #0000ff;\" href=\"http:\/\/www.olgbern.ch\">www.olgbern.ch<\/a><\/span><\/span><\/p>\n<p><strong><span style=\"color: #000000;\">Wichtige, unabh\u00e4ngige Informationsquellen:<\/span><\/strong><\/p>\n<p>&#8211; <span style=\"color: #000000;\"><strong>Infosperber<\/strong>. Das unabh\u00e4ngige Medienportal:<\/span> <span style=\"color: #0000ff;\"><a style=\"color: #0000ff;\" href=\"http:\/\/www.inforsperber.ch\">www.infosperber.ch<\/a><\/span><\/p>\n<p>&#8211; <span style=\"color: #000000;\"><strong>Journal B.<\/strong> Unabh\u00e4ngiges Berner Onlineportal<\/span>: <span style=\"color: #0000ff;\"><a style=\"color: #0000ff;\" href=\"http:\/\/www.journal-b.ch\">www.journal-b.ch<\/a><\/span><\/p>\n<p><span style=\"color: #000000;\">&#8211;<strong> Swissinfo.<\/strong> \u00d6ffentl.rechtliches Onlineportal: <span style=\"color: #0000ff;\"><a style=\"color: #0000ff;\" href=\"http:\/\/www.journal-b.ch\">www.swissinfo.ch<\/a><\/span><\/span><\/p>\n<p><span style=\"color: #0000ff;\"><span style=\"color: #000000;\">&#8211; <strong>Die Republik<\/strong>. Das Projekt eines neuen unabh\u00e4ngigen Medienportals: <a style=\"color: #0000ff;\" href=\"http:\/\/www.journal-b.ch\">www.republik.ch<\/a><\/span><\/span><\/p>\n<p><strong><span style=\"color: #000000;\">Zeitungen:<\/span><\/strong><br \/>\n&#8211; <span style=\"color: #0000ff;\"><a style=\"color: #0000ff;\" href=\"http:\/\/www.zeit.de\">www.zeit.de <\/a><\/span><\/p>\n<p>&#8211; <span style=\"color: #0000ff;\"><a style=\"color: #0000ff;\" href=\"http:\/\/www.nzz.ch\">www.nzz.ch<\/a><\/span><\/p>\n<p>&#8211; <span style=\"color: #0000ff;\"><a style=\"color: #0000ff;\" href=\"http:\/\/www.ebund.ch\">www.ebund.ch<\/a><\/span><\/p>\n<p>&#8211; <span style=\"color: #0000ff;\"><a style=\"color: #0000ff;\" href=\"http:\/\/www.berliner-zeitung.de\">www.berliner-zeitung.de<\/a><\/span><\/p>\n","protected":false},"excerpt":{"rendered":"<p>Aktuell: Volksabstimmung vom 13. Februar 2022 Ja zum Bundesgesetz \u00fcber ein Massnahmenpaket zugunsten der Medien Mit dem neuen Gesetz mit verschiedenen Massnahmen zugunsten der Medienvielfalt im Print- wie auch im (&hellip;) <a href=\"https:\/\/peter.vollmer.ch\/?page_id=269\">Weiterlesen<\/a><\/p>\n","protected":false},"author":1,"featured_media":400,"parent":0,"menu_order":0,"comment_status":"closed","ping_status":"closed","template":"","meta":{"footnotes":""},"class_list":["post-269","page","type-page","status-publish","has-post-thumbnail","hentry"],"_links":{"self":[{"href":"https:\/\/peter.vollmer.ch\/index.php?rest_route=\/wp\/v2\/pages\/269","targetHints":{"allow":["GET"]}}],"collection":[{"href":"https:\/\/peter.vollmer.ch\/index.php?rest_route=\/wp\/v2\/pages"}],"about":[{"href":"https:\/\/peter.vollmer.ch\/index.php?rest_route=\/wp\/v2\/types\/page"}],"author":[{"embeddable":true,"href":"https:\/\/peter.vollmer.ch\/index.php?rest_route=\/wp\/v2\/users\/1"}],"replies":[{"embeddable":true,"href":"https:\/\/peter.vollmer.ch\/index.php?rest_route=%2Fwp%2Fv2%2Fcomments&post=269"}],"version-history":[{"count":11,"href":"https:\/\/peter.vollmer.ch\/index.php?rest_route=\/wp\/v2\/pages\/269\/revisions"}],"predecessor-version":[{"id":828,"href":"https:\/\/peter.vollmer.ch\/index.php?rest_route=\/wp\/v2\/pages\/269\/revisions\/828"}],"wp:featuredmedia":[{"embeddable":true,"href":"https:\/\/peter.vollmer.ch\/index.php?rest_route=\/wp\/v2\/media\/400"}],"wp:attachment":[{"href":"https:\/\/peter.vollmer.ch\/index.php?rest_route=%2Fwp%2Fv2%2Fmedia&parent=269"}],"curies":[{"name":"wp","href":"https:\/\/api.w.org\/{rel}","templated":true}]}}

<p><span style="color: #000000;"><strong>Aktuell:</strong></span></p>
<p><strong>Volksabstimmung vom 13. Februar 2022<br />
Ja zum Bundesgesetz über ein Massnahmenpaket zugunsten</strong><strong> der Medien<br />
</strong><br />
Mit dem neuen Gesetz mit verschiedenen Massnahmen zugunsten der Medienvielfalt im Print- wie auch im online-Bereich wird ein wichtiger Beitrag zur Stärkung der Demokratie geleistet. Die politische Meinungsbildung bei den Bürgerinnen und Bürgens setzt eine Medienvielfalt und die Unabhängigkeit der Medienschaffenden voraus. Gerade auch im Zeitalter der &#8222;Fakenews&#8220; braucht es eine Stärkung der Informationsfreiheit. Im Wissen, dass die vorgesehenen Massnahmen den negativen Trend der Medienkonzentration und der Abwanderung der Werbegelder in den internationalen Markt nicht einfach umkehren können, sind es immerhin wichtige Massnahmen in der Auseinandersetzungen zugunsten einer Stärkung der unabhängigen und kritischen Medienlandschaft.</p>
<p>Diese Abstimmung stellt einmal mehr die staatspolitische Verantwortung der Bürgerinnen und Bürger auf die Probe! Ich bin zuversichtlich, dass das Ja-Lager gewinnt.</p>
<p>Weitere Argumente können hier abgerufen werden:</p>
<p><a href="http://www.die-meinungsfreiheit.ch">www.die-Meinungsfreiheit.ch</a></p>
<p><span style="color: #000000;"><strong></p>
<p>Orte:</strong></span><br />
<span style="color: #000000;"> Bern: <span style="color: #0000ff;"><a style="color: #0000ff;" href="http://www.bern.ch">www.bern.ch</a></span></span></p>
<p><span style="color: #000000;">Berlin: <span style="color: #0000ff;"><a style="color: #0000ff;" href="http://www.berlin.de">www.berlin.de</a></span></span></p>
<p><span style="color: #000000;">Mürren: <span style="color: #0000ff;"><a style="color: #0000ff;" href="http://www.muerren.ch">www.muerren.ch</a></span></span></p>
<p><span style="color: #000000;"><strong>Kultur: </strong></span><br />
<span style="color: #000000;"> Hotel Regina in Mürren (Berner Oberland): <span style="color: #0000ff;"><a style="color: #0000ff;" href="http://www.regina-muerren.ch">www.regina-muerren.ch</a></span></span></p>
<p><span style="color: #000000;">Minimuseum Mürren: <span style="color: #0000ff;"><a style="color: #0000ff;" href="http://www.minimuseummuerren.ch">www.minimuseummuerren.ch</a></span> </span></p>
<p><span style="color: #000000;">PROG, Kulturzentrum Bern: <span style="color: #0000ff;"><a style="color: #0000ff;" href="http://progr.ch">www.progr.ch </a></span></span></p>
<p><span style="color: #000000;"><strong>Sport:</strong><br />
&#8211;  Berlin Marathon: <span style="color: #0000ff;"><a style="color: #0000ff;" href="http://www.berlin-marathon.com">www.berlin-marathon.com</a></span></span></p>
<p>&#8211;<span style="color: #000000;"> Grand Prix von Bern: <span style="color: #0000ff;"><a style="color: #0000ff;" href="http://www.gpbern.ch">www.gpbern.ch</a></span></span></p>
<p><span style="color: #000000;">&#8211; OLG Bern: <span style="color: #0000ff;"><a style="color: #0000ff;" href="http://www.olgbern.ch">www.olgbern.ch</a></span></span></p>
<p><strong><span style="color: #000000;">Wichtige, unabhängige Informationsquellen:</span></strong></p>
<p>&#8211; <span style="color: #000000;"><strong>Infosperber</strong>. Das unabhängige Medienportal:</span> <span style="color: #0000ff;"><a style="color: #0000ff;" href="http://www.inforsperber.ch">www.infosperber.ch</a></span></p>
<p>&#8211; <span style="color: #000000;"><strong>Journal B.</strong> Unabhängiges Berner Onlineportal</span>: <span style="color: #0000ff;"><a style="color: #0000ff;" href="http://www.journal-b.ch">www.journal-b.ch</a></span></p>
<p><span style="color: #000000;">&#8211;<strong> Swissinfo.</strong> Öffentl.rechtliches Onlineportal: <span style="color: #0000ff;"><a style="color: #0000ff;" href="http://www.journal-b.ch">www.swissinfo.ch</a></span></span></p>
<p><span style="color: #0000ff;"><span style="color: #000000;">&#8211; <strong>Die Republik</strong>. Das Projekt eines neuen unabhängigen Medienportals: <a style="color: #0000ff;" href="http://www.journal-b.ch">www.republik.ch</a></span></span></p>
<p><strong><span style="color: #000000;">Zeitungen:</span></strong><br />
&#8211; <span style="color: #0000ff;"><a style="color: #0000ff;" href="http://www.zeit.de">www.zeit.de </a></span></p>
<p>&#8211; <span style="color: #0000ff;"><a style="color: #0000ff;" href="http://www.nzz.ch">www.nzz.ch</a></span></p>
<p>&#8211; <span style="color: #0000ff;"><a style="color: #0000ff;" href="http://www.ebund.ch">www.ebund.ch</a></span></p>
<p>&#8211; <span style="color: #0000ff;"><a style="color: #0000ff;" href="http://www.berliner-zeitung.de">www.berliner-zeitung.de</a></span></p>

<p>Aktuell: Volksabstimmung vom 13. Februar 2022 Ja zum Bundesgesetz über ein Massnahmenpaket zugunsten der Medien Mit dem neuen Gesetz mit verschiedenen Massnahmen zugunsten der Medienvielfalt im Print- wie auch im (&hellip;) <a href="https://peter.vollmer.ch/?page_id=269">Weiterlesen</a></p>
